05
In base 15, what is -2 + -10d38?
-10d3a
In base 11, what is -5 + 45979?
45974
In base 9, what is 3871 - -23?
4004
In base 5, what is -10 + 13220134?
13220124
In base 5, what is 324 + 22114?
22443
In base 13, what is 62529 - 3?
62526
In base 11, what is 3 + -782?
-77a
In base 2, what is -111001 - 10000100100?
-10001011101
In base 2, what is -1100110001 - -1001000111?
-11101010
In base 12, what is -137 - -b5?
-42
In base 4, what is 1 + 10130323002?
10130323003
In base 5, what is 10322 - -20?
10342
In base 11, what is 17672 + 4?
17676
In base 3, what is 11 + 12110112?
12110200
In base 2, what is -1000100100011 - 111?
-1000100101010
In base 2, what is -1011000100 + 10101011010?
1010010110
In base 6, what is -1431151 - 1?
-1431152
In base 5, what is -140142 + 1?
-140141
In base 5, what is -4400 + -43013?
-102413
In base 12, what is 812a1 - 0?
812a1
In base 14, what is -7c70 + 24?
-7c4a
In base 7, what is -4030 - 16?
-4046
In base 5, what is -2 + -1022432?
-1022434
In base 6, what is 4232320 - 1?
4232315
In base 3, what is 112 - 112101120?
-112101001
In base 13, what is 26c9b - 3?
26c98
In base 4, what is -3 + -11032332?
-11033001
In base 4, what is 2101 - 13230?
-11123
In base 16, what is 2 + -2632?
-2630
In base 11, what is -344a27 + 5?
-344a22
In base 10, what is -1839 - 568?
-2407
In base 12, what is -1595ba - 4?
-159602
In base 5, what is 4 + 1220140?
1220144
In base 2, what is -11000111110000001 - -1000?
-11000111101111001
In base 8, what is 56126 + 2?
56130
In base 9, what is -31322 + 4?
-31317
In base 15, what is -1150 - 5b?
-11ab
In base 11, what is -341 - -24?
-318
In base 15, what is 5 - 7db7?
-7db2
In base 14, what is 1540 + 77?
15b7
In base 15, what is 4 + -1246d?
-12469
In base 7, what is 10 + 4401564?
4401604
In base 8, what is 2 + -7144?
-7142
In base 11, what is -6a4 + 30?
-674
In base 7, what is 0 - -341013?
341013
In base 2, what is 11010100 + -1001100111110?
-1001001101010
In base 14, what is 76 + 1d?
95
In base 9, what is 175201 + -3?
175187
In base 5, what is 2431411 + 2?
2431413
In base 9, what is -115517 - -3?
-115514
In base 14, what is b0 - 1476?
-13a6
In base 11, what is 4 + 230084?
230088
In base 16, what is 1 - 3967?
-3966
In base 3, what is -100 + -220121200?
-220122000
In base 9, what is -2313 + -21?
-2334
In base 13, what is 22 + -36c?
-34a
In base 8, what is 5674712 - -2?
5674714
In base 8, what is 22422 + 3?
22425
In base 15, what is 604 - -42?
646
In base 10, what is 10 - -2656?
2666
In base 11, what is -16 - -200a?
1aa4
In base 3, what is -11 - 121100012?
-121100100
In base 6, what is 11 - 1011221?
-1011210
In base 15, what is 7d - 14c4?
-1446
In base 11, what is 6218 - 5a?
6169
In base 4, what is -210203003 - 11?
-210203020
In base 4, what is 1 + -311000032?
-311000031
In base 11, what is -465 - 5?
-46a
In base 10, what is -293789 + -2?
-293791
In base 11, what is 3 - 41983?
-41980
In base 13, what is -3618c - -7?
-36185
In base 11, what is 29 + -4a9?
-480
In base 13, what is 2 + 5129?
512b
In base 14, what is 1d8d + 0?
1d8d
In base 6, what is 154533 + 13?
154550
In base 8, what is 4773 + 573?
5566
In base 15, what is -53998 - 0?
-53998
In base 5, what is 322 + -14113?
-13241
In base 6, what is 112315524 + -5?
112315515
In base 14, what is 10799b + -3?
107998
In base 12, what is 100 + -87?
35
In base 7, what is 434 - 1123?
-356
In base 3, what is -1 - 201010111212?
-201010111220
In base 14, what is 0 + 17b58?
17b58
In base 4, what is 1132 + 3300?
11032
In base 7, what is -2 - -312556?
312554
In base 6, what is 1 - -154001?
154002
In base 6, what is -3025344 + -4?
-3025352
In base 6, what is 1041525 - 0?
1041525
In base 5, what is -2333 + -4303?
-12141
In base 6, what is -241 + 43345?
43104
In base 2, what is 11111000111 - 1000000111110?
-100001110111
In base 15, what is -12c + 3e2?
2b5
In base 5, what is -12 - -1432?
1420
In base 16, what is 0 + 1023a?
1023a
In base 10, what is -934482 + -2?
-934484
In base 12, what is 2 - -406b?
4071
In base 15, what is 4 - -2842?
2846
In base 11, what is 852 - 302?
550
In base 6, what is -10314 + -43?
-10401
In base 7, what is -113034 + -3?
-113040
In base 5, what is 31 + 1044334?
1044420
In base 14, what is 1db94 + -a?
1db88
In base 11, what is -1511a6 - 0?
-1511a6
In base 8, what is -5112274 - 4?
-5112300
In base 4, what is 3 - 232030213?
-232030210
In base 14, what is 2a94 - -2d?
2ac3
In base 7, what is -111420 + -2?
-111422
In base 4, what is -1031330 + 131?
-1031133
In base 13, what is 6 - 9013?
-900a
In base 12, what is -67027 - 7?
-67032
In base 11, what is 77 + -84a?
-783
In base 3, what is -201 + -1102010?
-1102211
In base 15, what is 691 - 3e6?
29a
In base 10, what is 5 + -56725?
-56720
In base 6, what is -4 - 23441?
-23445
In base 9, what is 3 - -20147?
20151
In base 14, what is 102 + 4d?
151
In base 16, what is -2 - bddf0?
-bddf2
In base 10, what is -56 + -7811?
-7867
In base 3, what is -11 + -202120022000?
-202120022011
In base 8, what is -4 + 35256?
35252
In base 2, what is 1110101110011 + -101?
1110101101110
In base 2, what is 11000111110 + 101000101?
11110000011
In base 14, what is -8 - -106a?
1062
In base 4, what is 13 + -211310?
-211231
In base 8, what is -365 + -216?
-603
In base 5, what is 140 + 33411?
34101
In base 3, what is -121 - 1001122001?
-1001122122
In base 3, what is -100 + -2201212012?
-2201212112
In base 6, what is 24 - -2245?
2313
In base 5, what is -20 - 42000?
-42020
In base 6, what is -4253311 + -2?
-4253313
In base 3, what is -11 + 2010121?
2010110
In base 14, what is -13d2b - 6?
-13d33
In base 13, what is 24898 + 3?
2489b
In base 15, what is 34 + -156?
-122
In base 8, what is 3 + 1426277?
1426302
In base 6, what is 142 + -120552?
-120410
In base 2, what is -10101100111001001 + 100001?
-10101100110101000
In base 4, what is -10312 + -123?
-11101
In base 13, what is -b2 - 246b?
-2550
In base 6, what is -23003 - 23?
-23030
In base 4, what is 212221103 - -1?
212221110
In base 5, what is 242122 + 100?
242222
In base 9, what is -4 - -17077?
17073
In base 8, what is 1170 + -1243?
-53
In base 2, what is 10101011 + -10011011111?
-10000110100
In base 3, what is -122102111 - -1?
-122102110
In base 13, what is 6856 + -4?
6852
In base 3, what is -122 + 121221211?
121221012
In base 8, what is 31507 - -1?
31510
In base 11, what is 210098 - 2?
210096
In base 2, what is 100111111011 - -1010000?
101001001011
In base 4, what is 313 + -31233223?
-31232310
In base 7, what is 6030223 + 2?
6030225
In base 11, what is 1212 - 345?
978
In base 5, what is 2 + 1322420?
1322422
In base 8, what is 37245 - -11?
37256
In base 13, what is -1 + -1565aa?
-1565ab
In base 16, what is -1 - 30b8?
-30b9
In base 2, what is 111 + -11001111110?
-11001110111
In base 4, what is -2201 - 1211?
-10012
In base 3, what is -20020210111 + -10?
-20020210121
In base 9, what is 4131 - -214?
4345
In base 4, what is -213101101 - -10?
-213101031
In base 7, what is 13103 + 22?
13125
In base 3, what is 10020102 - 10020?
10010012
In base 6, what is 5025143 - 2?
5025141
In base 11, what is -a + 1928?
1919
In base 15, what is a64123 - -5?
a64128
In base 8, what is 1 - -40432?
40433
In base 7, what is 44233 + 140?
44403
In base 6, what is 1311 - 4424?
-3113
In base 8, what is 503 - 570?
-65
In base 16, what is 89aaf - 4?
89aab
In base 2, what is 1010011000 + -1001001?
1001001111
In base 10, what is 90 - -426?
516
In base 7, what is 10206 + 21?
10230
In base 12, what is -165873 - 6?
-165879
In base 7, what is 52 - -112261?
112343
In base 4, what is 1 - -2322321?
2322322
In base 11, what is -36a4 - -28?
-3677
In base 13, what is 5 + 6a1?
6a6
In base 5, what is -4341 - 11113?
-21004
In base 9, what is 317 + -37?
270
In base 15, what is -2 + -36218?
-3621a
In base 15, what is 9d588 - -4?
9d58c
In base 15, what is -5e + -2513?
-2572
In base 4, what is 11 - 21032031?
-21032020
In base 12, what is -4b7036 + -4?
-4b703a
In base 9, what is 103 - -368?
472
In base 15, what is 80b2e - -4?
80b33
In base 4, what is 1033 + 1232?
2331
In base 8, what is 165 + -47?
116
In base 10, what is -553 + -1114?
-1667
In base 2, what is -1010000001001000101000 - -1?
-1010000001001000100111
In base 4, what is 11012111 + 2011?
11020122
In base 14, what is 2c3 - -99?
37c
In base 5, what is -2231133 - -10?
-2231123
In base 14,